 d - 29 = 0. What is the units digit of w?
9
Suppose 0 = 10*y - 17*y + 301. What is the units digit of y?
3
Let j(w) = -w**3 + w**2 + 2*w + 3. What is the tens digit of j(-2)?
1
Let b(j) = 6*j - 1. Let z be b(4). Let t = z - 13. What is the tens digit of t?
1
Suppose -9 = -2*s + 3. Let f(n) = -8*n + 1. Let v be f(2). What is the tens digit of v/s*2*-3?
1
Let g(m) = -m - 6. Let l be g(-8). Suppose 3*j + 49 = l*w, 0*w = -w + 3*j + 26. What is the tens digit of w?
2
Let g be (-2)/5 - (-32)/(-20). Let d be g*((-890)/4)/5. Suppose -4*q - 2*r + d = 19, 4*q + 4*r - 64 = 0. What is the units digit of q?
9
Let g(b) = 2*b**2 - 3*b + 3. Let h = 4 + -2. What is the units digit of g(h)?
5
Let k be 4 + 0/(1/1). Suppose w + 304 = 6*w + g, 248 = k*w + 2*g. Suppose 0*r - 5*r = -w. What is the units digit of r?
2
Let x = 10 + -12. What is the units digit of x/4 + (-18)/(-4)?
4
Suppose -4*m + 60 = -2*m. Suppose u = -u - m. What is the units digit of 2*1*u/(-10)?
3
Suppose -4*z + 0*z = 8. What is the units digit of z + (1 - 29)/(-4)?
5
Suppose 5*o + 290 = 5*k, 2*k - 4*o - 120 = -0*k. What is the units digit of k?
6
Let y(f) = f**2 + 5*f - 3. Let p be y(-7). Let g be (-2)/11 - (-266)/p. Suppose -2*l - 2*l + g = 0. What is the units digit of l?
6
Let g be ((-2)/(-6))/(4/24). Let h = 0 + g. Suppose 0*w + 10 = h*w. What is the units digit of w?
5
Let c = 15 - 8. What is the units digit of (-1)/1 - c/(-1)?
6
Suppose 35 + 20 = -5*c. Let f = c + 23. Suppose f = -3*g + 33. What is the units digit of g?
7
Let b(o) = 5*o - 2. Let r(u) = -5*u + 1. Let l(q) = -2*b(q) - 3*r(q). What is the units digit of l(3)?
6
Let s(c) = c**2 - 4. Let q be s(5). Suppose 0 = -h - z + 1, 3*h - 3*z = -0*h + q. What is the units digit of h?
4
What is the tens digit of 670/20 + 1 + 2/4?
3
What is the units digit of 22 - (2/(-3) + 35/(-15))?
5
Let r be ((-48)/20)/(3/(-10)). Suppose -45 = r*q - 11*q. What is the tens digit of q?
1
What is the tens digit of 2 + 33 - (-4 - -8)?
3
Let l = 6 + -1. Suppose -l*h - 5 = 5. What is the units digit of h*1*(-5 + 4)?
2
Suppose -5*m - 2*w + 221 = -187, 5*w + 251 = 3*m. Suppose -82 - m = -4*p. What is the tens digit of p?
4
What is the hundreds digit of -2*2 - (-710)/5?
1
Let x(j) = 50*j**2. Let o be x(1). What is the units digit of o/(-15)*(-18)/10?
6
Suppose 4*j - 88 = -5*c + 146, 0 = -c + j + 54. Suppose 3*n - c = 4. What is the tens digit of n?
1
Suppose -a + 2 = -2. Suppose 3*k - a*k = -20. What is the tens digit of k?
2
Suppose 2*f + 0*f - 18 = 0. Let c = 17 - f. Suppose -5*a - 3*o + 11 = 0, c = -2*a + 4*o + o. What is the units digit of a?
1
Let y(p) = 10*p + 1. Let m(d) = d - 5. Let i be m(7). Let x be y(i). Suppose -x = -4*l + 3. What is the units digit of l?
6
Let i(z) = 12 - 8 + 3*z + 6*z - z**2. What is the units digit of i(5)?
4
Suppose 3*c - 5*c + 48 = 0. What is the tens digit of c?
2
Let l(s) = 3*s**2 + 11*s + 10. Let h(u) = -7*u**2 - 23*u - 19. Let k(o) = 2*h(o) + 5*l(o). What is the units digit of k(-10)?
2
Let p(b) = -4*b - 19. Let s be p(-6). Let i(m) = 3*m**3 + m. Let z be i(1). Suppose -s*v + 6 = -z. What is the units digit of v?
2
Let t(p) = 8 - p**2 - p**3 - p**2 + 13*p - p**2 - 9*p**2. What is the units digit of t(-13)?
8
Suppose 3*c - 4 = -2*a, 4*a - 3*a - 2 = 5*c. Suppose c = -4*p + 199 - 11. What is the units digit of p/5 + (-8)/20?
9
Let l be 4 - (4 - (0 + 3)). Let i = 5 - l. What is the units digit of i?
2
Let w = 123 - 71. Suppose -3*u = -2*j - w, -3 = -2*u - j - 4*j. Suppose 0 = 5*c + u - 39. What is the units digit of c?
5
Suppose -5*v = -2*w - 88, -4*v = -3*w + w - 72. Suppose -5*t = -61 + v. What is the units digit of t?
9
Suppose 5*i + 4*a - 21 = 2*a, -a = 2*i - 8. Let f(n) = -7 - n - n**3 - 4*n**2 - i*n - 3*n**2 + 3*n. What is the tens digit of f(-7)?
1
Let l(h) = h**3 + 8*h**2 + 8*h - 3. Let z = 6 - 12. Let s be l(z). Let p = -12 + s. What is the units digit of p?
9
Let j(s) = -s**2 + 4*s + 8. Let g be j(6). Let f be 45 - 2 - (g + 2). Suppose -11 = -4*m + f. What is the units digit of m?
4
Let y be 1/(1/(3/3)). Let r(b) = -b**2 - 2*b + 1. Let h be r(-2). What is the units digit of (1 - y*-9)*h?
0
Let h(a) = -a + 6. Let g be h(4). Suppose 0*i = 2*w + i - g, -5*i = -3*w + 29. What is the units digit of w?
3
Let v(n) = 13*n**2 + n. Let w be 4/6 - 1/(-3). What is the units digit of v(w)?
4
Let r(i) = 2*i**3 - 6*i**2 + 2*i + 3. What is the units digit of r(4)?
3
Let v be 2/6 + (-17)/(-3). Let c(b) = b**3 - 6*b**2 - 4*b + 8. Let u be c(v). Let d = 30 + u. What is the units digit of d?
4
What is the tens digit of 1 + 3 + 492/(-4 + 8)?
2
Let c(z) = 36*z + 6. What is the units digit of c(2)?
8
Suppose 4*y = 5*y - 13. Let l(w) = -3*w - 10. Let s be l(-2). Let n = y - s. What is the tens digit of n?
1
Let s(p) = -4*p - 2. Let o(c) = 9*c + 3. Let j(y) = 3*o(y) + 5*s(y). Let d be j(-1). What is the units digit of 76/10 + d/(-20)?
8
Let n = 158 - -18. What is the tens digit of n?
7
Let k = 10 - -16. What is the units digit of k?
6
Suppose 21 = -5*g + 1. Let t = g + 22. What is the tens digit of t?
1
Suppose 0 = 3*u - c - 320, -5 = -6*c + c. What is the tens digit of u?
0
Suppose -3*k - 2*u = -147, 2*u + 0*u + 135 = 3*k. What is the tens digit of k?
4
Let i = -4 - -7. Let j be (-4)/i*(-18)/(-4). Let b = 14 + j. What is the units digit of b?
8
Let j(b) = -b**2 + b - 14. Let w be j(0). Let g be 35/w*1*-2. Suppose n = 2*n - g. What is the units digit of n?
5
Let o(p) = -p**3 + p**2 + 8*p - 8. Let i(n) = n**3 - 9*n + 9. Let l(v) = 3*i(v) + 4*o(v). Let k be l(5). Let g = 8 + k. What is the units digit of g?
3
Suppose 2*d - 4*d = 284. Let m be d/(-3) + 2/3. Suppose -3*t + 4*o = -26, -6*t + t + 2*o = -m. What is the units digit of t?
0
Suppose -7*a + 6*a = -3*b + 328, 15 = 3*a. What is the tens digit of b?
1
Let r(v) be the first derivative of v**3/3 + 5*v**2/2 - 2*v + 2. Let n be r(-6). Suppose -5*b = 5*x - n*b - 43, -b - 11 = -x. What is the units digit of x?
9
Suppose -6*d + 64 = 4. What is the tens digit of d?
1
Let n be (-144)/(-15) - 3/5. Let j = 11 + n. What is the tens digit of j?
2
Let u(z) = 17*z + 9. What is the tens digit of u(9)?
6
Let v = -6 - -26. What is the units digit of v?
0
Let k(f) = f**2 - 3*f + 8. What is the units digit of k(6)?
6
Suppose -3*q - 2*q = -485. Suppose 0*t + t - 1 = 0, t = -4*h + q. Suppose -2*w + h = w. What is the units digit of w?
8
Suppose 161 = 4*k + 3*q + 48, 2*k + 2*q - 58 = 0. What is the tens digit of k?
2
Let k(s) = -5*s + 7. Let a(r) = r - 1. Let l(f) = -3*a(f) - k(f). What is the tens digit of l(7)?
1
Let u be ((-5)/15)/(2/(-42)). Let g be (-2)/(-1) - (-2)/(-1). Suppose g = u*d - 3*d - 24. What is the units digit of d?
6
Let h be 18/4*10/(-5). Let v = 9 - h. What is the tens digit of v?
1
Suppose 4*g - 7*s + 4*s - 16 = 0, -4*s + 20 = 5*g. Suppose -p - 3*c - c = -23, 3*p + g*c - 45 = 0. What is the units digit of p?
1
Let y be (6/(-10))/(1/(-135)). Suppose y = 4*w - 3. What is the units digit of w?
1
Let a = 1 + 1. Suppose -a*l = -4*z + 14, -z + 18 = 4*z - 3*l. Suppose 16 = 2*y + 3*s, -z*y + 10 = s - 0. What is the units digit of y?
2
Let g(f) be the second derivative of f**5/20 - f**4/4 + f**3/6 - f**2 - 2*f. Let k = -4 + 7. What is the units digit of g(k)?
1
Suppose -2*y + 114 - 18 = 0. What is the units digit of y?
8
Let k be 6/(-15) - 22/(-5). Suppose 6*i = -5*c + 3*i + 100, 2*c = k*i + 14. What is the tens digit of c?
1
Let b(m) = -m**2 + 14*m - 6. What is the tens digit of b(11)?
2
Let g(c) = c**2 - 12*c + 25. Let w be g(10). Let q be 0/(-2) + -5 + 1. Let d = w + q. What is the units digit of d?
1
Suppose 0 = -z + 6*z. Suppose 0 = -z*u + 5*u - 185. Suppose 0 = 4*k - u - 31. What is the units digit of k?
7
Let k(h) = h - 3. Let q be k(4). Suppose -5*y = 5, -4*d - 4*y - q = -d. What is the units digit of d?
1
Suppose 2*m - 6 = 0, l = 3*l - 5*m - 39. What is the tens digit of l?
2
Let t = -13 - -17. Let h(y) = -2*y**3 - 2*y**2 + 2*y - 2. Let f be h(-3). Suppose t*r - 3*c = 2*r + f, -5*r + 32 = 2*c. What is the units digit of r?
8
Suppose 3*y - 3*f - 63 = 0, -y + 5*f - 21 = -2*y. What is the units digit of y?
1
Let j(m) = m - 4. Let i be j(8). What is the units digit of (i/6)/(6/27)?
3
Suppose -j = -7 + 4. Suppose -j*o - 9 = -39. What is the units digit of o?
0
Let k(n) = n + 11. Let w be k(